{"id":282,"date":"2018-12-12T14:18:02","date_gmt":"2018-12-12T14:18:02","guid":{"rendered":"http:\/\/builderry.webgeniuslab.net\/?page_id=282"},"modified":"2021-03-04T09:27:58","modified_gmt":"2021-03-04T08:27:58","slug":"politique-de-confidentialite-2","status":"publish","type":"page","link":"https:\/\/etancheitestephane.com\/index.php\/politique-de-confidentialite-2\/","title":{"rendered":"Politique de confidentialit\u00e9"},"content":{"rendered":"[vc_row][vc_column][wgl_spacing spacer_size=&#8221;10px&#8221;][\/vc_column][\/vc_row][vc_row][vc_column][vc_column_text]Cette charte d\u00e9taille la politique de St\u00e9phane Etanch\u00e9it\u00e9 concernant le traitement des donn\u00e9es personnelles sur son site marchand accessible par internet \u00e0 l\u2019adresse suivante :<span>\u00a0<\/span><a href=\"http:\/\/www.smsp.fr\/\">www.etancheitestephane.com<\/a><\/p>\n<p>Notre politique de confidentialit\u00e9 traite \u00e9galement des pr\u00e9cautions prises concernant le traitement des renseignements et informations collect\u00e9s lors de la consultation de notre site.<\/p>\n<p>Elle est applicable aux donn\u00e9es personnelles et de navigation collect\u00e9es durant votre visite sur notre site.<\/p>\n<p>St\u00e9phane Etanch\u00e9it\u00e9 peut effectuer \u00e0 tout moment des modifications sur sa politique de confidentialit\u00e9, la derni\u00e8re version en cours sera toujours consultable sur notre site.<\/p>\n<p>Pour toute pr\u00e9cision \u00e0 propos du traitement des donn\u00e9es personnelles, vous pouvez nous contacter \u00e0 l\u2019adresse<span> <a href=\"https:\/\/etancheitestephane.com\/setancheite01@gmail.com\">setancheite01@mail.com<\/a><\/span>.<\/p>\n<p>&nbsp;<\/p>\n<p><strong>1. Collecte des donn\u00e9es personnelles<\/strong><\/p>\n<p>Nous collectons des informations personnelles et donn\u00e9es nominatives que vous nous aurez d\u00e9lib\u00e9r\u00e9ment transmises\u00a0: soit durant un \u00e9change t\u00e9l\u00e9phonique ou par email avec notre service clients, soit sur notre site internet\u00a0:<\/p>\n<p>&#8211; pour votre inscription sur notre site,<\/p>\n<p>&#8211; pour une demande de renseignement,<\/p>\n<p>&#8211; pour une demande de devis,<\/p>\n<p>&#8211; pour une passation de commande.<\/p>\n<p>&nbsp;<\/p>\n<p>Les donn\u00e9es personnelles incluent donc votre civilit\u00e9, vos nom et pr\u00e9nom, votre adresse de messagerie \u00e9lectronique (adresse email), votre num\u00e9ro de t\u00e9l\u00e9phone. Nous vous demandons \u00e9galement de d\u00e9finir l\u2019entit\u00e9 pour laquelle vous cr\u00e9ez un compte (entreprise, association, particulier par exemple\u2026).<\/p>\n<p>Pour toute demande de devis nous collectons, en plus des informations recueillies lors de votre inscription, votre adresse postale (facturation et livraison si elles sont diff\u00e9rentes), que vous jugez n\u00e9cessaires \u00e0 la bonne ex\u00e9cution de la prestation.<\/p>\n<p>Vous renseignez les informations relatives au mode de paiement (num\u00e9ro de carte bancaire, titulaire de la carte) directement sur le site s\u00e9curis\u00e9 de la banque qui veille \u00e0 la protection de ces donn\u00e9es sensibles. Ces donn\u00e9es ne sont donc pas collect\u00e9es, ni conserv\u00e9es sur notre site web.<\/p>\n<p>Les donn\u00e9es de connexion sont collect\u00e9es lors de votre visite sur notre site. Cela nous permet d\u2019identifier un utilisateur avec son navigateur web, syst\u00e8me d\u2019exploitation, adresse IP. Nous collectons \u00e9galement des statistiques sur la navigation, la fr\u00e9quentation, et le parcours des utilisateurs sur notre site.<\/p>\n<p>&nbsp;<\/p>\n<p>&nbsp;<\/p>\n<p><strong>2.<\/strong>\u00a0<strong>Finalit\u00e9s de traitement<\/strong><\/p>\n<p>Les donn\u00e9es \u00e0 caract\u00e8re personnel que nous collectons aupr\u00e8s de vous durant votre visite sur notre site, pour une demande de devis\u00a0 peuvent \u00eatre utilis\u00e9es pour :<\/p>\n<p>&#8211; assurer l\u2019ex\u00e9cution de votre commande et sa livraison,<\/p>\n<p>&#8211; optimiser la prise en charge de vos demandes par notre service client,<\/p>\n<p>&#8211; vous informer par email des produits, offres et services que nous proposons,<\/p>\n<p>&#8211; perfectionner notre site internet et son contenu,<\/p>\n<p>&#8211; am\u00e9liorer votre navigation sur notre site internet,<\/p>\n<p>&#8211; analyser les statistiques relatives au profil des utilisateurs.<\/p>\n<p>&nbsp;<\/p>\n<p><strong>3. Destinataires des donn\u00e9es<\/strong><\/p>\n<p>Les donn\u00e9es \u00e0 caract\u00e8re personnel que nous collectons sont destin\u00e9es \u00e0 St\u00e9phane Etanch\u00e9it\u00e9 ; elles ne seront pas vendues, ni \u00e9chang\u00e9es ou transf\u00e9r\u00e9es \u00e0 des tiers non partenaires. Nous pouvons transmettre ces informations \u00e0 des soci\u00e9t\u00e9s partenaires pour vous garantir la bonne ex\u00e9cution de votre demande (exp\u00e9dition d\u2019une commande par exemple), et pour conna\u00eetre votre avis sur notre prestation (enqu\u00eate de satisfaction).<\/p>\n<p>Ces prestataires de confiance avec qui nous collaborons pr\u00e9servent la confidentialit\u00e9 des donn\u00e9es transmises.<\/p>\n<p>&nbsp;<\/p>\n<p><strong>4.\u00a0Dur\u00e9e de conservation des donn\u00e9es<\/strong><\/p>\n<p>Les donn\u00e9es sont conserv\u00e9es pour une dur\u00e9e ne d\u00e9passant la dur\u00e9e n\u00e9cessaire \u00e0 la bonne ex\u00e9cution et au suivi de la prestation.<\/p>\n<p>&nbsp;<\/p>\n<p><strong>5. Utilisation des cookies<\/strong><\/p>\n<p>Les cookies sont des fichiers au format de texte brut enregistr\u00e9s sur le terminal utilis\u00e9 pour la consultation de notre site (ordinateur, mobile, tablette).<\/p>\n<p>Nous avons recours \u00e0 des cookies\u00a0:<\/p>\n<p>&#8211; pour suivre les statistiques de fr\u00e9quentation de notre site en vue de l\u2019am\u00e9liorer,<\/p>\n<p>&#8211; pour personnaliser votre exp\u00e9rience utilisateur.<\/p>\n<p>En consultant les pages de notre site, vous acceptez le transfert de ces cookies sur votre terminal.<\/p>\n<p>&nbsp;<\/p>\n<p>Cookies \u00e9mis par des tiers<\/p>\n<p>Des applications tierces ont \u00e9t\u00e9 incluses sur notre site pour le partage de contenu comme les boutons des r\u00e9seaux sociaux\u00a0; ou la diffusion d\u2019annonces publicitaires adapt\u00e9es \u00e0 vos centres d\u2019int\u00e9r\u00eats.<\/p>\n<p>Nous n\u2019avons pas de contr\u00f4le sur les cookies de ces soci\u00e9t\u00e9s tierces\u00a0: nous vous invitons \u00e0 consulter leur propre politique de confidentialit\u00e9.<\/p>\n<p>&nbsp;<\/p>\n<p><strong>6.S\u00e9curit\u00e9 et protection des donn\u00e9es<\/strong><\/p>\n<p>Nous d\u00e9ployons diverses mesures de s\u00e9curit\u00e9 sur le plan technique (syst\u00e8mes d\u2019information), ainsi que sur le plan de notre organisation, afin de limiter l\u2019acc\u00e8s ou le traitement non autoris\u00e9 des donn\u00e9es personnelles.<\/p>\n<p>&nbsp;<\/p>\n<p><strong>7. Vos droits<\/strong><\/p>\n<p>Vous avez un droit d\u2019acc\u00e8s, de modification, d\u2019opposition concernant le traitement de vos donn\u00e9es personnelles\u00a0; dans la mesure o\u00f9 cela ne contraindra pas la r\u00e9alisation de nos obligations contractuelles.<\/p>\n<p>&nbsp;<\/p>\n<p>Pour exercer vos droits, vous pouvez nous contacter\u00a0:<\/p>\n<p>Par email\u00a0:<span> <a href=\"https:\/\/etancheitestephane.com\/setancheite01@gmail.com\">setancheite01@mail.com<\/a><\/span><\/p>\n<p>Par t\u00e9l\u00e9phone : <a href=\"tel:0658031345\">06.58.03.13.45<\/a><\/p>\n<p>Par courrier : St\u00e9phane Etanch\u00e9it\u00e9 &#8211; <span>11 Impasse Flaubert, 01100 Oyonnax<\/span>[\/vc_column_text][\/vc_column][\/vc_row]\n","protected":false},"excerpt":{"rendered":"<p>[vc_row][vc_column][wgl_spacing spacer_size=&#8221;10px&#8221;][\/vc_column][\/vc_row][vc_row][vc_column][vc_column_text]Cette charte d\u00e9taille la politique de St\u00e9phane Etanch\u00e9it\u00e9 concernant le traitement des donn\u00e9es personnelles sur son site marchand accessible par internet \u00e0 l\u2019adresse suivante :\u00a0www.etancheitestephane.com Notre politique de confidentialit\u00e9 traite \u00e9galement des pr\u00e9cautions prises concernant le traitement des renseignements et informations collect\u00e9s lors de la consultation de notre site. Elle est applicable aux donn\u00e9es [&hellip;]<\/p>\n","protected":false},"author":1,"featured_media":0,"parent":0,"menu_order":0,"comment_status":"closed","ping_status":"closed","template":"","meta":[],"_links":{"self":[{"href":"https:\/\/etancheitestephane.com\/index.php\/wp-json\/wp\/v2\/pages\/282"}],"collection":[{"href":"https:\/\/etancheitestephane.com\/index.php\/wp-json\/wp\/v2\/pages"}],"about":[{"href":"https:\/\/etancheitestephane.com\/index.php\/wp-json\/wp\/v2\/types\/page"}],"author":[{"embeddable":true,"href":"https:\/\/etancheitestephane.com\/index.php\/wp-json\/wp\/v2\/users\/1"}],"replies":[{"embeddable":true,"href":"https:\/\/etancheitestephane.com\/index.php\/wp-json\/wp\/v2\/comments?post=282"}],"version-history":[{"count":3,"href":"https:\/\/etancheitestephane.com\/index.php\/wp-json\/wp\/v2\/pages\/282\/revisions"}],"predecessor-version":[{"id":1135,"href":"https:\/\/etancheitestephane.com\/index.php\/wp-json\/wp\/v2\/pages\/282\/revisions\/1135"}],"wp:attachment":[{"href":"https:\/\/etancheitestephane.com\/index.php\/wp-json\/wp\/v2\/media?parent=282"}],"curies":[{"name":"wp","href":"https:\/\/api.w.org\/{rel}","templated":true}]}}