{"id":846,"date":"2018-12-11T12:13:40","date_gmt":"2018-12-11T12:13:40","guid":{"rendered":"http:\/\/builderry.webgeniuslab.net\/?page_id=10"},"modified":"2021-05-30T14:45:35","modified_gmt":"2021-05-30T12:45:35","slug":"home-1","status":"publish","type":"page","link":"https:\/\/etancheitestephane.com\/","title":{"rendered":"Accueil"},"content":{"rendered":"[vc_row full_width=&#8221;stretch_row&#8221; equal_height=&#8221;yes&#8221; content_placement=&#8221;middle&#8221; parallax=&#8221;content-moving&#8221; css=&#8221;.vc_custom_1544535865022{background-image: url(https:\/\/etancheitestephane.com\/wp-content\/uploads\/2018\/12\/section_01.jpg?id=40) !important;}&#8221;][vc_column width=&#8221;1\/2&#8243; offset=&#8221;vc_col-lg-5&#8243;][wgl_spacing spacer_size=&#8221;7&#8243;][wgl_double_headings title_color=&#8221;#313131&#8243; subtitle_color=&#8221;#fdb900&#8243; title=&#8221;St\u00e9phane Etanch\u00e9it\u00e9&#8221; subtitle=&#8221;Notre expertise \u00e0 votre service&#8221; responsive_font=&#8221;true&#8221; font_size_mobile=&#8221;30&#8243;][wgl_spacing spacer_size=&#8221;10&#8243;][wgl_custom_text font_size=&#8221;18&#8243;]<span>Avec plus de <\/span><strong><span class=\"custom-weight\">15 ann\u00e9es d\u2019exp\u00e9riences<\/span><\/strong><span> St\u00e9phane Etanch\u00e9it\u00e9 met tout son savoir-faire pour vous proposer des services de travaux d\u2019\u00e9tanch\u00e9it\u00e9 et d\u2019isolation de qualit\u00e9.<\/span>[\/wgl_custom_text][wgl_spacing spacer_size=&#8221;18&#8243;][wgl_custom_text font_size=&#8221;16&#8243;]<span>Que vous soyez architecte, ma\u00eetre d\u2019\u0153uvre, ma\u00eetre d\u2019ouvrage, r\u00e9gie, syndic d\u2019immeuble ou particulier, St\u00e9phane Etanch\u00e9it\u00e9 vous accompagne dans tous vos projets d\u2019\u00e9tanch\u00e9it\u00e9 d\u00e8s leur conception jusqu\u2019\u00e0 leur r\u00e9alisation.<\/span>[\/wgl_custom_text][wgl_spacing spacer_size=&#8221;50&#8243; responsive_mobile=&#8221;true&#8221; size_mobile=&#8221;25&#8243;][\/vc_column][vc_column width=&#8221;1\/2&#8243; offset=&#8221;vc_col-lg-7&#8243;][wgl_spacing spacer_size=&#8221;30px&#8221;][wgl_image_layers values=&#8221;%5B%7B%22thumbnail%22%3A%221152%22%2C%22image_animation%22%3A%22zoom_in%22%2C%22image_order%22%3A%221%22%7D%2C%7B%22thumbnail%22%3A%221141%22%2C%22image_animation%22%3A%22zoom_in%22%2C%22image_order%22%3A%221%22%7D%2C%7B%22thumbnail%22%3A%221216%22%2C%22image_animation%22%3A%22zoom_in%22%2C%22image_order%22%3A%221%22%7D%5D&#8221;][wgl_spacing spacer_size=&#8221;30px&#8221;][\/vc_column][\/vc_row][vc_row full_width=&#8221;stretch_row&#8221; css=&#8221;.vc_custom_1544714234878{background-color: #f9f9f9 !important;}&#8221;][vc_column width=&#8221;1\/6&#8243; offset=&#8221;vc_col-lg-2 vc_hidden-md vc_hidden-sm vc_hidden-xs&#8221; css=&#8221;.vc_custom_1544773275869{padding-top: 0px !important;}&#8221;][wgl_spacing spacer_size=&#8221;74&#8243;][vc_column_text css_animation=&#8221;left-to-right&#8221;]<img loading=\"lazy\" class=\"alignnone wp-image-1150 size-full\" style=\"max-width: 218%;\" src=\"https:\/\/etancheitestephane.com\/wp-content\/uploads\/2021\/03\/Stephane_etancheite_demande_de_devis_1-min.png\" alt=\"\" width=\"370\" height=\"671\" srcset=\"https:\/\/etancheitestephane.com\/wp-content\/uploads\/2021\/03\/Stephane_etancheite_demande_de_devis_1-min.png 370w, https:\/\/etancheitestephane.com\/wp-content\/uploads\/2021\/03\/Stephane_etancheite_demande_de_devis_1-min-165x300.png 165w\" sizes=\"(max-width: 370px) 100vw, 370px\" \/>[\/vc_column_text][\/vc_column][vc_column css_animation=&#8221;bottom-to-top&#8221; width=&#8221;1\/2&#8243; css=&#8221;.vc_custom_1545301970658{margin-top: 133px !important;padding-top: 0px !important;padding-right: 40px !important;padding-left: 40px !important;background-color: #ffffff !important;}&#8221; el_class=&#8221;box-shadow-1 fullwidth-input&#8221; offset=&#8221;vc_col-lg-4 vc_col-md-5&#8243;][wgl_spacing spacer_size=&#8221;38&#8243;][wgl_custom_text font_size=&#8221;30&#8243;]\n<h3>Devis Gratuit sous 48h<\/h3>\n[\/wgl_custom_text][wgl_spacing spacer_size=&#8221;24&#8243;][vc_column_text]<div role=\"form\" class=\"wpcf7\" id=\"wpcf7-f1212-o1\" lang=\"fr-FR\" dir=\"ltr\">\n<div class=\"screen-reader-response\"><p role=\"status\" aria-live=\"polite\" aria-atomic=\"true\"><\/p> <ul><\/ul><\/div>\n<form action=\"\/index.php\/wp-json\/wp\/v2\/pages\/846#wpcf7-f1212-o1\" method=\"post\" class=\"wpcf7-form init\" novalidate=\"novalidate\" data-status=\"init\">\n<div style=\"display: none;\">\n<input type=\"hidden\" name=\"_wpcf7\" value=\"1212\" \/>\n<input type=\"hidden\" name=\"_wpcf7_version\" value=\"5.4\" \/>\n<input type=\"hidden\" name=\"_wpcf7_locale\" value=\"fr_FR\" \/>\n<input type=\"hidden\" name=\"_wpcf7_unit_tag\" value=\"wpcf7-f1212-o1\" \/>\n<input type=\"hidden\" name=\"_wpcf7_container_post\" value=\"0\" \/>\n<input type=\"hidden\" name=\"_wpcf7_posted_data_hash\" value=\"\" \/>\n<input type=\"hidden\" name=\"_wpcf7_recaptcha_response\" value=\"\" \/>\n<\/div>\n<p><label> Votre nom<br \/>\n    <span class=\"wpcf7-form-control-wrap your-name\"><input type=\"text\" name=\"your-name\" value=\"\" size=\"40\" class=\"wpcf7-form-control wpcf7-text wpcf7-validates-as-required\" aria-required=\"true\" aria-invalid=\"false\" \/><\/span> <\/label><\/p>\n<p><label> Votre e-mail<br \/>\n    <span class=\"wpcf7-form-control-wrap your-email\"><input type=\"email\" name=\"your-email\" value=\"\" size=\"40\" class=\"wpcf7-form-control wpcf7-text wpcf7-email wpcf7-validates-as-required wpcf7-validates-as-email\" aria-required=\"true\" aria-invalid=\"false\" \/><\/span> <\/label><\/p>\n<p><label> Votre N\u00b0 tel<br \/>\n<span class=\"wpcf7-form-control-wrap Tel\"><input type=\"tel\" name=\"Tel\" value=\"\" size=\"40\" class=\"wpcf7-form-control wpcf7-text wpcf7-tel wpcf7-validates-as-required wpcf7-validates-as-tel\" aria-required=\"true\" aria-invalid=\"false\" \/><\/span> <\/label><\/p>\n<p><label> Soci\u00e9t\u00e9<br \/>\n    <span class=\"wpcf7-form-control-wrap your-subject\"><input type=\"text\" name=\"your-subject\" value=\"\" size=\"40\" class=\"wpcf7-form-control wpcf7-text wpcf7-validates-as-required\" aria-required=\"true\" aria-invalid=\"false\" \/><\/span> <\/label><\/p>\n<p><label> Votre projet<br \/>\n    <span class=\"wpcf7-form-control-wrap your-message\"><textarea name=\"your-message\" cols=\"40\" rows=\"10\" class=\"wpcf7-form-control wpcf7-textarea\" aria-invalid=\"false\"><\/textarea><\/span> <\/label><\/p>\n<p><input type=\"submit\" value=\"Envoyer\" class=\"wpcf7-form-control wpcf7-submit\" \/><\/p>\n<p style=\"display: none !important;\"><label>&#916;<textarea name=\"_wpcf7_ak_hp_textarea\" cols=\"45\" rows=\"8\" maxlength=\"100\"><\/textarea><\/label><input type=\"hidden\" id=\"ak_js_1\" name=\"_wpcf7_ak_js\" value=\"243\"\/><script>document.getElementById( \"ak_js_1\" ).setAttribute( \"value\", ( new Date() ).getTime() );<\/script><\/p><div class=\"wpcf7-response-output\" aria-hidden=\"true\"><\/div><\/form><\/div>[\/vc_column_text][wgl_custom_text font_size=&#8221;13&#8243; line_height=&#8221;20&#8243;]<span style=\"color: #313131;\">* <span>Vous acceptez les termes de la politique de confidentialit\u00e9<\/span><\/span>[\/wgl_custom_text][wgl_spacing spacer_size=&#8221;38&#8243;][\/vc_column][vc_column width=&#8221;1\/2&#8243; offset=&#8221;vc_col-lg-5 vc_col-md-offset-1&#8243;][wgl_spacing spacer_size=&#8221;88&#8243;][wgl_double_headings title_color=&#8221;#313131&#8243; subtitle_color=&#8221;#fdb900&#8243; title=&#8221;Nos domaines d&#8217;expertises&#8221; subtitle=&#8221;Nos services&#8221; responsive_font=&#8221;true&#8221; font_size_mobile=&#8221;30&#8243;][wgl_spacing spacer_size=&#8221;22&#8243;][vc_column_text]<span>Chacune de nos prestations vous garantiront enti\u00e8re satisfaction. Faites confiance d\u00e8s maintenant \u00e0 notre entreprise et \u00e0 notre savoir-faire.<\/span>[\/vc_column_text][wgl_spacing spacer_size=&#8221;18&#8243;][vc_column_text]\n<ul class=\"builderry_plus\">\n<li>\u00c9tanch\u00e9it\u00e9 et isolation des toitures terrasses<\/li>\n<li>\u00c9tanch\u00e9it\u00e9 et isolation des parties enterr\u00e9es<\/li>\n<li>Terrasses V\u00e9g\u00e9talisation<\/li>\n<li>Pose des dalles sur plot Couverture<\/li>\n<li>Entretien \/ nettoyage de toiture<\/li>\n<li><span>Recherche de fuite<\/span><\/li>\n<\/ul>\n[\/vc_column_text][wgl_spacing spacer_size=&#8221;90&#8243;][\/vc_column][\/vc_row][vc_row full_width=&#8221;stretch_row&#8221; css=&#8221;.vc_custom_1615146856589{background-image: url(https:\/\/etancheitestephane.com\/wp-content\/uploads\/2021\/03\/IMG_6089-e1615146792339.jpg?id=1232) !important;background-position: center !important;background-repeat: no-repeat !important;background-size: cover !important;}&#8221;][vc_column][wgl_spacing spacer_size=&#8221;10&#8243;][vc_row_inner][vc_column_inner offset=&#8221;vc_col-lg-offset-1 vc_col-lg-10&#8243;][wgl_spacing spacer_size=&#8221;64&#8243;][wgl_double_headings align=&#8221;center&#8221; title_color=&#8221;#ffffff&#8221; subtitle_color=&#8221;#fdb900&#8243; title=&#8221;Ce que nous vous offrons&#8221; subtitle=&#8221;Nos services&#8221; custom_title_color=&#8221;true&#8221; responsive_font=&#8221;true&#8221; font_size_mobile=&#8221;28&#8243;][wgl_spacing spacer_size=&#8221;22&#8243;][vc_column_text]\n<p style=\"text-align: center;\"><strong><span style=\"color: #fdb900;\">St\u00e9phane Etanch\u00e9it\u00e9 est une entreprise sp\u00e9cialis\u00e9e dans l\u2019\u00e9tanch\u00e9it\u00e9 et l\u2019isolation qui fournit des prestations de qualit\u00e9 sup\u00e9rieure perdurant dans le temps \u00e0 des prix comp\u00e9titifs.<\/span><\/strong><\/p>\n[\/vc_column_text][wgl_spacing spacer_size=&#8221;43&#8243;][\/vc_column_inner][\/vc_row_inner][wgl_spacing spacer_size=&#8221;50&#8243;][\/vc_column][\/vc_row][vc_row full_width=&#8221;stretch_row_content&#8221; css=&#8221;.vc_custom_1544707446849{padding-right: 15px !important;padding-left: 15px !important;background-color: #f7f7f7 !important;}&#8221;][vc_column css=&#8221;.vc_custom_1544707174922{padding-top: 0px !important;}&#8221;]<section class=\"wgl_cpt_section\"><div class=\"wgl_portfolio_list\" id=\"portfolio_module_69ff1cac7515a\"><div class=\"wgl_portfolio_list-container container-grid row carousel portfolio_columns-4\"  style=\"margin-right:-15px; margin-left:-15px; margin-bottom:-30px;\">[wgl_carousel slide_to_show=\"4\" autoplay=\"\" autoplay_speed=\"3000\" use_pagination=\"1\" pag_type=\"line_circle\" pag_offset=\"\" custom_pag_color=\"\" pag_color=\"#fdb900\" custom_resp=\"\" resp_medium=\"1025\" resp_medium_slides=\"\" resp_tablets=\"800\" resp_tablets_slides=\"\" resp_mobile=\"480\" resp_mobile_slides=\"\" infinite=\"\" ]<article class=\"wgl_portfolio_list-item item wgl_col-3\"  style=\"padding-right:15px; padding-left:15px; padding-bottom:30px\"><div class=\"wgl_portfolio_item-wrapper inside_image h_align_left default_animation\"><div class=\"wgl_portfolio_item-image\"><img  src=\"https:\/\/etancheitestephane.com\/wp-content\/uploads\/2018\/12\/1.G1-1-570x570.jpg\"  alt=\"\" \/><\/div><div class=\"wgl_portfolio_item-description\"><div class=\"wgl_portfolio_item-title\"><h4 class=\"title\"><span >Etanch\u00e9it\u00e9 &#8211; Isolation<\/span><\/h4><\/div><div class=\"wgl_portfolio_item-corners wgl_portfolio_item-corners_top\"><\/div><div class=\"wgl_portfolio_item-corners wgl_portfolio_item-corners_bot\"><\/div><a href='https:\/\/etancheitestephane.com\/wp-content\/uploads\/2018\/12\/1.G1-1.jpg' class='swipebox'><\/a><\/div><div class=\"overlay\"><\/div><\/div><\/article><article class=\"wgl_portfolio_list-item item wgl_col-3\"  style=\"padding-right:15px; padding-left:15px; padding-bottom:30px\"><div class=\"wgl_portfolio_item-wrapper inside_image h_align_left default_animation\"><div class=\"wgl_portfolio_item-image\"><img  src=\"https:\/\/etancheitestephane.com\/wp-content\/uploads\/2018\/12\/2.G2-1-570x570.jpg\"  alt=\"\" \/><\/div><div class=\"wgl_portfolio_item-description\"><div class=\"wgl_portfolio_item-title\"><h4 class=\"title\"><span >Travaux d&#8217;\u00e9tanch\u00e9it\u00e9<\/span><\/h4><\/div><div class=\"wgl_portfolio_item-corners wgl_portfolio_item-corners_top\"><\/div><div class=\"wgl_portfolio_item-corners wgl_portfolio_item-corners_bot\"><\/div><a href='https:\/\/etancheitestephane.com\/wp-content\/uploads\/2018\/12\/2.G2-1.jpg' class='swipebox'><\/a><\/div><div class=\"overlay\"><\/div><\/div><\/article><article class=\"wgl_portfolio_list-item item wgl_col-3\"  style=\"padding-right:15px; padding-left:15px; padding-bottom:30px\"><div class=\"wgl_portfolio_item-wrapper inside_image h_align_left default_animation\"><div class=\"wgl_portfolio_item-image\"><img  src=\"https:\/\/etancheitestephane.com\/wp-content\/uploads\/2018\/12\/3.A1-1-570x570.png\"  alt=\"\" \/><\/div><div class=\"wgl_portfolio_item-description\"><div class=\"wgl_portfolio_item-title\"><h4 class=\"title\"><span >Travaux d&#8217;\u00e9tanch\u00e9it\u00e9<\/span><\/h4><\/div><div class=\"wgl_portfolio_item-corners wgl_portfolio_item-corners_top\"><\/div><div class=\"wgl_portfolio_item-corners wgl_portfolio_item-corners_bot\"><\/div><a href='https:\/\/etancheitestephane.com\/wp-content\/uploads\/2018\/12\/3.A1-1.png' class='swipebox'><\/a><\/div><div class=\"overlay\"><\/div><\/div><\/article><article class=\"wgl_portfolio_list-item item wgl_col-3\"  style=\"padding-right:15px; padding-left:15px; padding-bottom:30px\"><div class=\"wgl_portfolio_item-wrapper inside_image h_align_left default_animation\"><div class=\"wgl_portfolio_item-image\"><img  src=\"https:\/\/etancheitestephane.com\/wp-content\/uploads\/2018\/12\/4.A2-1-570x570.jpg\"  alt=\"\" \/><\/div><div class=\"wgl_portfolio_item-description\"><div class=\"wgl_portfolio_item-title\"><h4 class=\"title\"><span >Travaux d&#8217;\u00e9tanch\u00e9it\u00e9<\/span><\/h4><\/div><div class=\"wgl_portfolio_item-corners wgl_portfolio_item-corners_top\"><\/div><div class=\"wgl_portfolio_item-corners wgl_portfolio_item-corners_bot\"><\/div><a href='https:\/\/etancheitestephane.com\/wp-content\/uploads\/2018\/12\/4.A2-1.jpg' class='swipebox'><\/a><\/div><div class=\"overlay\"><\/div><\/div><\/article><article class=\"wgl_portfolio_list-item item wgl_col-3\"  style=\"padding-right:15px; padding-left:15px; padding-bottom:30px\"><div class=\"wgl_portfolio_item-wrapper inside_image h_align_left default_animation\"><div class=\"wgl_portfolio_item-image\"><img  src=\"https:\/\/etancheitestephane.com\/wp-content\/uploads\/2018\/12\/5.A3-1-570x570.jpg\"  alt=\"\" \/><\/div><div class=\"wgl_portfolio_item-description\"><div class=\"wgl_portfolio_item-title\"><h4 class=\"title\"><span >Travaux d&#8217;\u00e9tanch\u00e9it\u00e9<\/span><\/h4><\/div><div class=\"wgl_portfolio_item-corners wgl_portfolio_item-corners_top\"><\/div><div class=\"wgl_portfolio_item-corners wgl_portfolio_item-corners_bot\"><\/div><a href='https:\/\/etancheitestephane.com\/wp-content\/uploads\/2018\/12\/5.A3-1.jpg' class='swipebox'><\/a><\/div><div class=\"overlay\"><\/div><\/div><\/article><article class=\"wgl_portfolio_list-item item wgl_col-3\"  style=\"padding-right:15px; padding-left:15px; padding-bottom:30px\"><div class=\"wgl_portfolio_item-wrapper inside_image h_align_left default_animation\"><div class=\"wgl_portfolio_item-image\"><img  src=\"https:\/\/etancheitestephane.com\/wp-content\/uploads\/2018\/12\/6.C3-570x570.jpg\"  alt=\"\" \/><\/div><div class=\"wgl_portfolio_item-description\"><div class=\"wgl_portfolio_item-title\"><h4 class=\"title\"><span >Travaux d&#8217;\u00e9tanch\u00e9it\u00e9<\/span><\/h4><\/div><div class=\"wgl_portfolio_item-corners wgl_portfolio_item-corners_top\"><\/div><div class=\"wgl_portfolio_item-corners wgl_portfolio_item-corners_bot\"><\/div><a href='https:\/\/etancheitestephane.com\/wp-content\/uploads\/2018\/12\/6.C3.jpg' class='swipebox'><\/a><\/div><div class=\"overlay\"><\/div><\/div><\/article><article class=\"wgl_portfolio_list-item item wgl_col-3\"  style=\"padding-right:15px; padding-left:15px; padding-bottom:30px\"><div class=\"wgl_portfolio_item-wrapper inside_image h_align_left default_animation\"><div class=\"wgl_portfolio_item-image\"><img  src=\"https:\/\/etancheitestephane.com\/wp-content\/uploads\/2018\/12\/7.D1-570x570.png\"  alt=\"\" \/><\/div><div class=\"wgl_portfolio_item-description\"><div class=\"wgl_portfolio_item-title\"><h4 class=\"title\"><span >Travaux d&#8217;\u00e9tanch\u00e9it\u00e9<\/span><\/h4><\/div><div class=\"wgl_portfolio_item-corners wgl_portfolio_item-corners_top\"><\/div><div class=\"wgl_portfolio_item-corners wgl_portfolio_item-corners_bot\"><\/div><a href='https:\/\/etancheitestephane.com\/wp-content\/uploads\/2018\/12\/7.D1.png' class='swipebox'><\/a><\/div><div class=\"overlay\"><\/div><\/div><\/article><article class=\"wgl_portfolio_list-item item wgl_col-3\"  style=\"padding-right:15px; padding-left:15px; padding-bottom:30px\"><div class=\"wgl_portfolio_item-wrapper inside_image h_align_left default_animation\"><div class=\"wgl_portfolio_item-image\"><img  src=\"https:\/\/etancheitestephane.com\/wp-content\/uploads\/2018\/12\/8.D2-570x570.jpg\"  alt=\"\" \/><\/div><div class=\"wgl_portfolio_item-description\"><div class=\"wgl_portfolio_item-title\"><h4 class=\"title\"><span >Travaux d&#8217;\u00e9tanch\u00e9it\u00e9<\/span><\/h4><\/div><div class=\"wgl_portfolio_item-corners wgl_portfolio_item-corners_top\"><\/div><div class=\"wgl_portfolio_item-corners wgl_portfolio_item-corners_bot\"><\/div><a href='https:\/\/etancheitestephane.com\/wp-content\/uploads\/2018\/12\/8.D2.jpg' class='swipebox'><\/a><\/div><div class=\"overlay\"><\/div><\/div><\/article><article class=\"wgl_portfolio_list-item item wgl_col-3\"  style=\"padding-right:15px; padding-left:15px; padding-bottom:30px\"><div class=\"wgl_portfolio_item-wrapper inside_image h_align_left default_animation\"><div class=\"wgl_portfolio_item-image\"><img  src=\"https:\/\/etancheitestephane.com\/wp-content\/uploads\/2018\/12\/9.B1-570x570.jpg\"  alt=\"\" \/><\/div><div class=\"wgl_portfolio_item-description\"><div class=\"wgl_portfolio_item-title\"><h4 class=\"title\"><span >Travaux d&#8217;\u00e9tanch\u00e9it\u00e9<\/span><\/h4><\/div><div class=\"wgl_portfolio_item-corners wgl_portfolio_item-corners_top\"><\/div><div class=\"wgl_portfolio_item-corners wgl_portfolio_item-corners_bot\"><\/div><a href='https:\/\/etancheitestephane.com\/wp-content\/uploads\/2018\/12\/9.B1.jpg' class='swipebox'><\/a><\/div><div class=\"overlay\"><\/div><\/div><\/article><article class=\"wgl_portfolio_list-item item wgl_col-3\"  style=\"padding-right:15px; padding-left:15px; padding-bottom:30px\"><div class=\"wgl_portfolio_item-wrapper inside_image h_align_left default_animation\"><div class=\"wgl_portfolio_item-image\"><img  src=\"https:\/\/etancheitestephane.com\/wp-content\/uploads\/2018\/12\/9.B2-1-570x570.jpg\"  alt=\"\" \/><\/div><div class=\"wgl_portfolio_item-description\"><div class=\"wgl_portfolio_item-title\"><h4 class=\"title\"><span >Travaux d&#8217;\u00e9tanch\u00e9it\u00e9<\/span><\/h4><\/div><div class=\"wgl_portfolio_item-corners wgl_portfolio_item-corners_top\"><\/div><div class=\"wgl_portfolio_item-corners wgl_portfolio_item-corners_bot\"><\/div><a href='https:\/\/etancheitestephane.com\/wp-content\/uploads\/2018\/12\/9.B2-1.jpg' class='swipebox'><\/a><\/div><div class=\"overlay\"><\/div><\/div><\/article><article class=\"wgl_portfolio_list-item item wgl_col-3\"  style=\"padding-right:15px; padding-left:15px; padding-bottom:30px\"><div class=\"wgl_portfolio_item-wrapper inside_image h_align_left default_animation\"><div class=\"wgl_portfolio_item-image\"><img  src=\"https:\/\/etancheitestephane.com\/wp-content\/uploads\/2018\/12\/10.B3-1-570x570.jpg\"  alt=\"\" \/><\/div><div class=\"wgl_portfolio_item-description\"><div class=\"wgl_portfolio_item-title\"><h4 class=\"title\"><span >Travaux d&#8217;\u00e9tanch\u00e9it\u00e9<\/span><\/h4><\/div><div class=\"wgl_portfolio_item-corners wgl_portfolio_item-corners_top\"><\/div><div class=\"wgl_portfolio_item-corners wgl_portfolio_item-corners_bot\"><\/div><a href='https:\/\/etancheitestephane.com\/wp-content\/uploads\/2018\/12\/10.B3-1.jpg' class='swipebox'><\/a><\/div><div class=\"overlay\"><\/div><\/div><\/article><article class=\"wgl_portfolio_list-item item wgl_col-3\"  style=\"padding-right:15px; padding-left:15px; padding-bottom:30px\"><div class=\"wgl_portfolio_item-wrapper inside_image h_align_left default_animation\"><div class=\"wgl_portfolio_item-image\"><img  src=\"https:\/\/etancheitestephane.com\/wp-content\/uploads\/2018\/12\/11.E1-1-570x570.jpg\"  alt=\"\" \/><\/div><div class=\"wgl_portfolio_item-description\"><div class=\"wgl_portfolio_item-title\"><h4 class=\"title\"><span >Travaux d&#8217;\u00e9tanch\u00e9it\u00e9<\/span><\/h4><\/div><div class=\"wgl_portfolio_item-corners wgl_portfolio_item-corners_top\"><\/div><div class=\"wgl_portfolio_item-corners wgl_portfolio_item-corners_bot\"><\/div><a href='https:\/\/etancheitestephane.com\/wp-content\/uploads\/2018\/12\/11.E1-1.jpg' class='swipebox'><\/a><\/div><div class=\"overlay\"><\/div><\/div><\/article>[\/wgl_carousel]<\/div><\/div><\/section>[wgl_spacing spacer_size=&#8221;70&#8243;][\/vc_column][\/vc_row][vc_row full_width=&#8221;stretch_row_content_no_spaces&#8221; equal_height=&#8221;yes&#8221; css=&#8221;.vc_custom_1544621081893{background-color: #f7f7f7 !important;}&#8221;][vc_column css=&#8221;.vc_custom_1545059082406{background-image: url(https:\/\/etancheitestephane.com\/wp-content\/uploads\/2018\/12\/section_04.jpg?id=117) !important;background-position: center !important;background-repeat: no-repeat !important;background-size: cover !important;}&#8221; offset=&#8221;vc_col-md-6&#8243;][wgl_spacing spacer_size=&#8221;270&#8243;][\/vc_column][vc_column offset=&#8221;vc_col-md-6&#8243;][wgl_spacing spacer_size=&#8221;50&#8243;][vc_row_inner][vc_column_inner offset=&#8221;vc_col-lg-offset-1 vc_col-lg-7&#8243;][wgl_double_headings title_color=&#8221;#313131&#8243; subtitle_color=&#8221;#fdb900&#8243; title=&#8221;Ce que nos clients pensent de nous&#8221; subtitle=&#8221;T\u00e9moignages clients&#8221; responsive_font=&#8221;true&#8221; font_size_mobile=&#8221;30&#8243;][wgl_testimonials item_type=&#8221;author_bottom_inline&#8221; pag_type=&#8221;circle_border&#8221; pag_align=&#8221;left&#8221; values=&#8221;%5B%7B%22quote%22%3A%22%E2%80%9CTravail%20impeccable%20en%20un%20temps%20record.%5CnSuper%20%C3%A9quipe%20tr%C3%A8s%20professionnel.%E2%80%9D%22%2C%22author_name%22%3A%22SARL%20Verdure%20panorama%22%2C%22author_status%22%3A%22Entreprise%22%7D%2C%7B%22quote%22%3A%22%E2%80%9CConsciencieux%2C%20rigoureux%20et%20tr%C3%A8s%20professionnel.%E2%80%9D%22%2C%22author_name%22%3A%22Philippe%20PICHET%22%2C%22author_status%22%3A%22Particulier%22%7D%2C%7B%22quote%22%3A%22%5C%22Ponctualit%C3%A9%2C%20Professionnalisme%2C%20Qualit%C3%A9%2C%20R%C3%A9activit%C3%A9.%5C%22%22%2C%22author_name%22%3A%22Damien%20Ballet%22%2C%22author_status%22%3A%22Particulier%22%7D%5D&#8221; use_carousel=&#8221;true&#8221;][\/vc_column_inner][\/vc_row_inner][wgl_spacing spacer_size=&#8221;87&#8243;][\/vc_column][\/vc_row]\n","protected":false},"excerpt":{"rendered":"<p>[vc_row full_width=&#8221;stretch_row&#8221; equal_height=&#8221;yes&#8221; content_placement=&#8221;middle&#8221; parallax=&#8221;content-moving&#8221; css=&#8221;.vc_custom_1544535865022{background-image: url(https:\/\/etancheitestephane.com\/wp-content\/uploads\/2018\/12\/section_01.jpg?id=40) !important;}&#8221;][vc_column width=&#8221;1\/2&#8243; offset=&#8221;vc_col-lg-5&#8243;][wgl_spacing spacer_size=&#8221;7&#8243;][wgl_double_headings title_color=&#8221;#313131&#8243; subtitle_color=&#8221;#fdb900&#8243; title=&#8221;St\u00e9phane Etanch\u00e9it\u00e9&#8221; subtitle=&#8221;Notre expertise \u00e0 votre service&#8221; responsive_font=&#8221;true&#8221; font_size_mobile=&#8221;30&#8243;][wgl_spacing spacer_size=&#8221;10&#8243;][wgl_custom_text font_size=&#8221;18&#8243;]Avec plus de 15 ann\u00e9es d\u2019exp\u00e9riences St\u00e9phane Etanch\u00e9it\u00e9 met tout son savoir-faire pour vous proposer des services de travaux d\u2019\u00e9tanch\u00e9it\u00e9 et d\u2019isolation de qualit\u00e9.[\/wgl_custom_text][wgl_spacing spacer_size=&#8221;18&#8243;][wgl_custom_text font_size=&#8221;16&#8243;]Que vous soyez architecte, ma\u00eetre d\u2019\u0153uvre, ma\u00eetre [&hellip;]<\/p>\n","protected":false},"author":1,"featured_media":0,"parent":0,"menu_order":0,"comment_status":"closed","ping_status":"closed","template":"","meta":[],"_links":{"self":[{"href":"https:\/\/etancheitestephane.com\/index.php\/wp-json\/wp\/v2\/pages\/846"}],"collection":[{"href":"https:\/\/etancheitestephane.com\/index.php\/wp-json\/wp\/v2\/pages"}],"about":[{"href":"https:\/\/etancheitestephane.com\/index.php\/wp-json\/wp\/v2\/types\/page"}],"author":[{"embeddable":true,"href":"https:\/\/etancheitestephane.com\/index.php\/wp-json\/wp\/v2\/users\/1"}],"replies":[{"embeddable":true,"href":"https:\/\/etancheitestephane.com\/index.php\/wp-json\/wp\/v2\/comments?post=846"}],"version-history":[{"count":22,"href":"https:\/\/etancheitestephane.com\/index.php\/wp-json\/wp\/v2\/pages\/846\/revisions"}],"predecessor-version":[{"id":1302,"href":"https:\/\/etancheitestephane.com\/index.php\/wp-json\/wp\/v2\/pages\/846\/revisions\/1302"}],"wp:attachment":[{"href":"https:\/\/etancheitestephane.com\/index.php\/wp-json\/wp\/v2\/media?parent=846"}],"curies":[{"name":"wp","href":"https:\/\/api.w.org\/{rel}","templated":true}]}}